 is -1011002122 - 22211?
-1011102110
In base 6, what is 20300312 - -14?
20300330
In base 8, what is -461757 + 1402?
-460355
In base 4, what is 2200 + 32132320?
32201120
In base 15, what is 29b0923 + -35?
29b08dd
In base 14, what is 2231 + 2cc?
251d
In base 4, what is 21322100111 - -13?
21322100130
In base 12, what is 43 + -1368206?
-1368183
In base 3, what is 1100021122212110 - -20?
1100021122212200
In base 4, what is 122233 + -3312230?
-3123331
In base 5, what is 242230012 - -3?
242230020
In base 10, what is 90 - -1047743?
1047833
In base 7, what is 43156230 + 32?
43156262
In base 11, what is 3a475163 + 2?
3a475165
In base 5, what is 32100244014 + 0?
32100244014
In base 9, what is 631 - -318404?
320135
In base 8, what is -5 + -14344471?
-14344476
In base 12, what is -35 - 82844?
-82879
In base 9, what is 818440763 - 3?
818440760
In base 7, what is 101466042 - 14?
101466025
In base 6, what is 352 - 304024?
-303232
In base 7, what is 2263546 - 253?
2263263
In base 16, what is -4 + -14ddc59?
-14ddc5d
In base 4, what is 202 - 113113130300?
-113113130032
In base 13, what is -3 + 5115c?
51159
In base 14, what is 0 + -34dba664?
-34dba664
In base 8, what is 4 - 37156653?
-37156647
In base 11, what is 5 + 11785557?
11785561
In base 2, what is 1001000000011100011 - 1111?
1001000000011010100
In base 3, what is 20200120022102100 + -10?
20200120022102020
In base 15, what is -35 + -74d3?
-7518
In base 3, what is 12 - 1221002120221112?
-1221002120221100
In base 4, what is 20022003023021 + 10?
20022003023031
In base 15, what is -b613 + 492?
-b171
In base 7, what is 2126535 - -3406?
2133244
In base 10, what is -2 - -35536416?
35536414
In base 14, what is -548b0 + -43?
-54913
In base 15, what is 45c0b + 74?
45c80
In base 4, what is -303201 + -233210?
-1203011
In base 2, what is 10111 - 11010010100101100111?
-11010010100101010000
In base 9, what is 3 - -104377510?
104377513
In base 9, what is 4 + 1205058?
1205063
In base 6, what is 5 - -325021540?
325021545
In base 7, what is -22 + -223110424?
-223110446
In base 4, what is -301223001 - 313?
-301223320
In base 9, what is 160 + 281131?
281301
In base 12, what is -4b092 + -8?
-4b09a
In base 13, what is 18 - 10785b7?
-107859c
In base 8, what is 522516 + -543?
521753
In base 13, what is -ca7 - -19b09?
18b32
In base 10, what is 535487 + -30?
535457
In base 10, what is -5 - 1243760?
-1243765
In base 9, what is 11 - -232023?
232034
In base 2, what is 11010111100111011 - -111011010010?
11011111000001101
In base 6, what is -41 - -1134325?
1134244
In base 13, what is 233bcb - 8?
233bc3
In base 7, what is 264 - -540106?
540403
In base 8, what is 67302115 - 3?
67302112
In base 12, what is 1 - -13b20b6?
13b20b7
In base 13, what is -61935 - 189?
-61ac1
In base 16, what is -1dea0 + -b5?
-1df55
In base 14, what is b0cb60 + -6?
b0cb58
In base 5, what is 13401 - -121042?
134443
In base 12, what is 2 - 11766a73?
-11766a71
In base 14, what is 10b18a8 + c?
10b18b6
In base 9, what is -53021603 - 3?
-53021606
In base 8, what is -3 - -572120251?
572120246
In base 8, what is 3 + 13653157?
13653162
In base 7, what is -14 - 1430322?
-1430336
In base 3, what is -22 - 1211011122012?
-1211011122111
In base 9, what is -2161072 + -34?
-2161116
In base 8, what is -4450571 + 0?
-4450571
In base 5, what is 422132000 - -233?
422132233
In base 11, what is -7798 + -2895?
-a582
In base 13, what is 54 - 7caa0?
-7ca49
In base 14, what is 989a1 - -6a?
98a2b
In base 3, what is 2100000002 - 1112211?
2021110021
In base 8, what is -6105515 + 1?
-6105514
In base 8, what is -103 - 22705044?
-22705147
In base 3, what is 102101222 + 1022220222?
1202022221
In base 14, what is -331aa846 - 1?
-331aa847
In base 11, what is 37445 - 250?
371a5
In base 5, what is 1422 - 220021?
-213044
In base 6, what is 12050 - -20103?
32153
In base 8, what is 1 + 314055451?
314055452
In base 8, what is -2711054 - 13?
-2711067
In base 13, what is -8 - -161848?
161840
In base 2, what is -1101011 + 1111001000010010?
1111000110100111
In base 14, what is -1 + 532d16?
532d15
In base 12, what is -887483 + a6?
-887399
In base 6, what is -33314 + 222044?
144330
In base 6, what is 113 - -123024300?
123024413
In base 2, what is 10001100 + 1001101100100100?
1001101110110000
In base 7, what is -5155206 - 15?
-5155224
In base 2, what is 110100 - -10100000000111111010?
10100000001000101110
In base 12, what is 495 - -30?
505
In base 10, what is 59 + 160257?
160316
In base 10, what is 8427 - 7954?
473
In base 3, what is 202111 + 12012122112?
12020102000
In base 16, what is 111 + -37a0?
-368f
In base 12, what is -3151a + -73?
-31591
In base 8, what is -14022 + 310?
-13512
In base 9, what is -81204 + -311?
-81515
In base 5, what is -202 + 4303133404?
4303133202
In base 3, what is -100210200102 - 12002?
-100210212111
In base 13, what is 80c5 - -547?
863c
In base 9, what is -3 - -15640507?
15640504
In base 10, what is 28071 + 588?
28659
In base 10, what is 89 + 3537687?
3537776
In base 4, what is -103330101 - 220313?
-110211020
In base 6, what is 33202124 + -232?
33201452
In base 6, what is 3 - -33202404023?
33202404030
In base 6, what is -23012042 + 30?
-23012012
In base 8, what is -36604700 + 3?
-36604675
In base 11, what is 93 + 2434aa?
243592
In base 3, what is -101000211 + -1102121?
-102110102
In base 4, what is -2211112132322 + 11?
-2211112132311
In base 15, what is b8 + 154eb?
155b4
In base 6, what is -4 + 252542202?
252542154
In base 12, what is 3 - ab2306?
-ab2303
In base 7, what is 45261251 + -20?
45261231
In base 9, what is 46285 + 662?
47057
In base 14, what is -11cd2cd - 28?
-11cd317
In base 12, what is 6921 + -231?
66b0
In base 2, what is -1000101 - -10110111000010010110?
10110111000001010001
In base 10, what is -9 - 39685379?
-39685388
In base 3, what is 1210012000210 + 100?
1210012001010
In base 4, what is 23111 - 11023131?
-11000020
In base 4, what is -102332003 + -11220?
-103003223
In base 12, what is 2a941 + -104?
2a839
In base 9, what is 501 - 281372?
-280771
In base 7, what is 443 + 11644214?
11644660
In base 15, what is 7d - -4c3356?
4c33d4
In base 4, what is -101003330 - 3111?
-101013101
In base 4, what is -30121102000 - -10?
-30121101330
In base 12, what is 71 + -6560b?
-6555a
In base 7, what is -15 - -1202631665?
1202631650
In base 9, what is 27402331 + -10?
27402321
In base 4, what is 111022222132 - 10?
111022222122
In base 5, what is 4 - 1041044001?
-1041043442
In base 4, what is 2330 - 120333023?
-120330033
In base 10, what is -159 + 24927?
24768
In base 14, what is 4305a94 - 4?
4305a90
In base 8, what is -203 - -6362500?
6362275
In base 8, what is -17 + -3112240?
-3112257
In base 2, what is -1111001010010000100110011 - -11?
-1111001010010000100110000
In base 9, what is -645218 - -22?
-645186
In base 7, what is 134634 + -6432?
125202
In base 14, what is -a + -228239?
-228245
In base 16, what is -27e4 + 31d?
-24c7
In base 10, what is 81 + -208895?
-208814
In base 7, what is 152 - -356013?
356165
In base 2, what is 101010101000101111110 - -1000110?
101010101000111000100
In base 14, what is 49379 + a8d?
4a028
In base 7, what is 150465 - -6154?
156652
In base 11, what is 51 - -43462?
43503
In base 3, what is 100021110121 + -2012101?
100012021020
In base 4, what is 30 - -1003132011?
1003132101
In base 2, what is -10011100101 + 110000001011010100?
101111110111101111
In base 8, what is 171367 - 2?
171365
In base 3, what is 20000211021 + 10111111?
20011022202
In base 2, what is -100110110110100101 + 1100100100?
-100110101010000001
In base 3, what is -10021 + -12021001000?
-12021011021
In base 9, what is -14267712 + 0?
-14267712
In base 15, what is 13a7 + 295?
164c
In base 2, what is -11010100 - 1011100001010000000101?
-1011100001010011011001
In base 4, what is -22233 - 3103303?
-3132202
In base 2, what is 10110110001101011 - 101110000101?
10110000011100110
In base 14, what is -439dc14b - -5?
-439dc146
In base 15, what is 7a7d08 - 1?
7a7d07
In base 10, what is -39888 - -172?
-39716
In base 2, what is -11111 + 1011000101001100011101?
1011000101001011111110
In base 13, what is -18b79 + 209?
-18970
In base 6, what is -103514243 + 2?
-103514241
In base 4, what is 13322111032 + -22?
13322111010
In base 2, what is -1000011 + -1001100000101110000?
-1001100000110110011
In base 3, what is